49343?
53
What is the highest common factor of 1912175 and 10?
5
What is the greatest common factor of 606 and 1112408445?
303
What is the highest common factor of 1942151 and 2?
1
Calculate the highest common divisor of 196 and 90067684.
196
What is the highest common divisor of 251200067 and 185?
37
Calculate the highest common divisor of 675 and 6896583.
27
Calculate the greatest common divisor of 5584662 and 379854.
8082
What is the greatest common divisor of 174798111 and 2885?
577
Calculate the highest common factor of 12375 and 56820.
15
What is the highest common divisor of 99106934 and 652?
326
What is the greatest common divisor of 112 and 25991126?
14
Calculate the highest common factor of 350568 and 2393925.
1623
Calculate the highest common divisor of 291999 and 1226553.
393
Calculate the highest common divisor of 1112 and 6660463.
139
What is the greatest common divisor of 579753451 and 218?
109
Calculate the highest common divisor of 216130 and 40.
10
Calculate the highest common divisor of 15513450 and 20.
10
Calculate the highest common divisor of 690488435 and 182.
91
Calculate the greatest common factor of 2902380 and 3140.
20
What is the greatest common factor of 2728 and 1710301?
31
What is the greatest common factor of 484686385 and 15?
5
Calculate the highest common factor of 392 and 209647676.
196
What is the greatest common factor of 8675 and 151175?
25
What is the highest common divisor of 28182 and 361283846?
9394
Calculate the greatest common factor of 2504 and 669552698.
626
Calculate the greatest common factor of 1255 and 3474091.
251
What is the greatest common divisor of 54 and 594671346?
18
What is the highest common factor of 4951349 and 65?
13
Calculate the greatest common factor of 187317621 and 17631.
5877
What is the greatest common divisor of 15122807 and 30751?
1337
What is the highest common divisor of 24 and 8911704?
24
What is the highest common divisor of 64498420 and 2555?
2555
Calculate the greatest common divisor of 91778372 and 140.
28
Calculate the greatest common divisor of 30510 and 9939480.
3390
What is the greatest common factor of 1900 and 1830123700?
1900
What is the greatest common divisor of 12546 and 16857?
9
Calculate the greatest common divisor of 3176075 and 267400.
175
Calculate the highest common divisor of 6808 and 1034668.
148
Calculate the highest common factor of 3685 and 3279985.
335
Calculate the highest common divisor of 458384 and 1424.
16
What is the highest common factor of 1798522 and 38918?
638
What is the greatest common factor of 1538817 and 6846?
21
What is the highest common divisor of 773725382 and 5014?
5014
Calculate the highest common factor of 892309 and 770.
11
What is the greatest common divisor of 463325140 and 3460?
3460
What is the greatest common divisor of 239306658 and 5010?
1002
Calculate the highest common divisor of 781554 and 9390.
6
What is the greatest common factor of 2363 and 10308379?
139
What is the greatest common divisor of 3924 and 593604?
36
What is the highest common divisor of 731 and 11959653?
17
Calculate the greatest common factor of 144006136 and 8.
8
What is the greatest common factor of 881090 and 2261560?
2870
Calculate the highest common divisor of 131560120 and 2270.
2270
What is the greatest common divisor of 396 and 311014836?
396
Calculate the greatest common factor of 18172532 and 13132.
196
Calculate the greatest common divisor of 63053781 and 86.
43
What is the highest common divisor of 1738 and 74008?
22
What is the highest common factor of 3364 and 118820308?
116
What is the highest common divisor of 113 and 53872411?
113
Calculate the greatest common factor of 49289940 and 560.
140
Calculate the greatest common factor of 1541113740 and 1476.
1476
Calculate the highest common divisor of 73833159 and 58.
29
Calculate the highest common divisor of 29211 and 38754651.
4173
Calculate the greatest common divisor of 102 and 25024578.
102
Calculate the greatest common divisor of 360 and 29639970.
90
Calculate the highest common factor of 252572 and 514464.
932
What is the highest common divisor of 9309421 and 341?
11
Calculate the greatest common factor of 19674863 and 4836.
403
What is the highest common factor of 16790560 and 2176?
544
What is the highest common factor of 588 and 1668252?
12
Calculate the greatest common factor of 1020 and 9746950.
170
Calculate the greatest common factor of 368873 and 4.
1
Calculate the greatest common divisor of 6943780 and 20116.
188
Calculate the greatest common divisor of 653200 and 3220.
460
Calculate the highest common factor of 1936774 and 98.
98
What is the greatest common factor of 2564 and 371139?
641
Calculate the greatest common factor of 20948221 and 7.
7
What is the greatest common divisor of 817880 and 5048960?
6440
Calculate the highest common factor of 11 and 89264219.
11
Calculate the greatest common factor of 150887210 and 9740.
4870
Calculate the greatest common divisor of 3908 and 31342160.
3908
What is the greatest common divisor of 25456 and 923002?
74
What is the greatest common factor of 70 and 470753605?
35
What is the highest common divisor of 19648080 and 16?
16
Calculate the highest common factor of 450345 and 83685.
105
What is the highest common factor of 57463 and 450772608?
8209
Calculate the greatest common divisor of 157758 and 24006.
6
What is the greatest common factor of 1548 and 1008522?
774
What is the greatest common factor of 124655 and 246100?
535
What is the greatest common divisor of 47886 and 13041?
69
Calculate the highest common factor of 427 and 11395715.
61
What is the highest common factor of 24528392 and 532?
532
Calculate the highest common divisor of 4919488 and 14456.
1112
What is the greatest common factor of 1303306 and 14710?
2942
Calculate the highest common factor of 6325 and 2891100.
575
Calculate the highest common divisor of 21040 and 1028593.
263
Calculate the greatest common divisor of 1364 and 2102188.
44
Calculate the highest common divisor of 170 and 5096345.
85
What is the greatest common factor of 81208814 and 230?
46
What is the greatest common divisor of 56868651 and 63?
63
What is the highest common divisor of 203364 and 36871830?
4842
What is the highest common divisor of 3607534 and 3006?
334
Calculate the highest common factor of 25413 and 921960.
591
Calculate the greatest common factor of 1137960 and 279270.
2610
Calculate the highest common factor of 14756773 and 8417.
443
What is the greatest common factor of 1047085060 and 24928?
3116
Calculate the highest common factor of 995 and 64395405.
995
What is the greatest common divisor of 11 and 294493144?
11
What is the greatest common divisor of 32494641 and 25767?
1227
Calculate the highest common divisor of 275399208 and 35140.
7028
What is the highest common factor of 32 and 295072?
32
Calculate the greatest common divisor of 15320 and 3062085.
1915
What is the greatest common factor of 12294064 and 57646?
1406
What is the greatest common divisor of 881185610 and 570?
190
Calculate the highest common factor of 10708581 and 117.
39
Calculate the highest common factor of 14 and 1453242.
14
Calculate the greatest common factor of 658704 and 48.
48
What is the greatest common factor of 1685205 and 16425?
3285
Calculate the highest common factor of 33418656 and 1512.
216
What is the highest common divisor of 3381 and 25852713?
69
What is the highest common divisor of 63 and 21012579?
63
What is the greatest common factor of 11305 and 3808455?
665
What is the greatest common divisor of 243 and 22167828?
9
What is the greatest common factor of 6442 and 20866?
2
Calculate the greatest common divisor of 1077498 and 1767.
93
Calculate the highest common factor of 6816 and 30244.
4
What is the greatest common factor of 17541120 and 131072?
2048
What is the highest common factor of 60 and 50416670?
10
Calculate the greatest common divisor of 51171 and 888.
111
Calculate the greatest common factor of 381628 and 49569.
533
What is the greatest common divisor of 136 and 1211350436?
68
Calculate the highest common divisor of 5085346 and 371.
7
What is the highest common divisor of 72 and 222986544?
24
What is the greatest common factor of 1015 and 23587063?
29
Calculate the